 common divisor of 4 and 6.
2
Calculate the highest common factor of 583 and 88.
11
What is the highest common factor of 960 and 1024?
64
Calculate the greatest common factor of 690 and 30.
30
What is the greatest common factor of 1177 and 1712?
107
Calculate the greatest common divisor of 78 and 52.
26
What is the highest common divisor of 1274 and 598?
26
Calculate the highest common factor of 371 and 7.
7
What is the greatest common divisor of 194 and 4753?
97
What is the highest common factor of 1064 and 2204?
76
Calculate the highest common factor of 25 and 550.
25
Calculate the greatest common factor of 30 and 2268.
6
What is the greatest common factor of 8 and 1192?
8
What is the greatest common divisor of 1232 and 1568?
112
What is the greatest common factor of 14 and 2?
2
What is the greatest common factor of 51 and 51?
51
What is the greatest common divisor of 969 and 228?
57
What is the greatest common divisor of 752 and 16?
16
What is the highest common factor of 1729 and 728?
91
Calculate the highest common factor of 121 and 3267.
121
Calculate the highest common divisor of 12 and 8.
4
What is the greatest common divisor of 1215 and 90?
45
Calculate the highest common factor of 9654 and 6.
6
Calculate the highest common divisor of 4448 and 2502.
278
Calculate the greatest common divisor of 970 and 2619.
97
Calculate the highest common factor of 264 and 3072.
24
What is the greatest common divisor of 100 and 30?
10
What is the highest common divisor of 49 and 63?
7
Calculate the highest common divisor of 1288 and 112.
56
Calculate the greatest common divisor of 70 and 480.
10
What is the highest common divisor of 28 and 7168?
28
What is the greatest common factor of 209 and 19?
19
What is the highest common divisor of 18 and 63?
9
Calculate the greatest common factor of 378 and 924.
42
What is the greatest common divisor of 938 and 14?
14
What is the greatest common factor of 1105 and 26?
13
What is the highest common factor of 2668 and 116?
116
Calculate the greatest common divisor of 575 and 69.
23
Calculate the highest common factor of 884 and 156.
52
What is the greatest common divisor of 20 and 1180?
20
Calculate the greatest common divisor of 25 and 3.
1
What is the greatest common divisor of 94 and 7332?
94
What is the greatest common divisor of 7176 and 52?
52
What is the greatest common divisor of 30 and 15195?
15
What is the greatest common divisor of 8 and 428?
4
Calculate the highest common divisor of 268 and 1541.
67
What is the greatest common factor of 15811 and 326?
163
Calculate the highest common factor of 32 and 1064.
8
Calculate the highest common divisor of 3625 and 29.
29
What is the greatest common factor of 141 and 752?
47
Calculate the greatest common divisor of 12280 and 40.
40
What is the highest common factor of 18 and 34002?
18
Calculate the highest common divisor of 171 and 6897.
57
Calculate the highest common factor of 456 and 342.
114
What is the greatest common divisor of 8474 and 38?
38
Calculate the greatest common divisor of 8 and 856.
8
What is the highest common factor of 567 and 9?
9
Calculate the greatest common divisor of 1086 and 6.
6
What is the greatest common divisor of 33 and 231?
33
What is the greatest common factor of 152 and 1672?
152
What is the greatest common divisor of 39 and 13?
13
Calculate the highest common divisor of 1 and 7.
1
Calculate the highest common factor of 8 and 158.
2
Calculate the highest common factor of 686 and 770.
14
Calculate the highest common divisor of 105 and 5565.
105
Calculate the greatest common factor of 24 and 9.
3
What is the greatest common factor of 231 and 56?
7
Calculate the greatest common factor of 6780 and 15.
15
What is the highest common factor of 12 and 312?
12
What is the greatest common factor of 564 and 3008?
188
What is the greatest common factor of 33 and 429?
33
Calculate the greatest common factor of 133 and 323.
19
What is the greatest common factor of 88 and 44?
44
What is the highest common divisor of 2296 and 168?
56
Calculate the greatest common divisor of 2916 and 4.
4
What is the greatest common divisor of 21 and 81?
3
Calculate the greatest common divisor of 105 and 357.
21
What is the highest common divisor of 462 and 294?
42
Calculate the highest common factor of 221 and 85.
17
What is the greatest common divisor of 3172 and 12?
4
What is the highest common factor of 39 and 1573?
13
What is the highest common divisor of 1143 and 9?
9
What is the greatest common factor of 2765 and 350?
35
What is the highest common factor of 318 and 66?
6
Calculate the highest common divisor of 186 and 42.
6
Calculate the highest common divisor of 18 and 318.
6
What is the greatest common factor of 445 and 5?
5
What is the highest common factor of 133 and 2831?
19
What is the greatest common divisor of 169 and 12337?
169
What is the greatest common factor of 114 and 6042?
114
What is the highest common factor of 12 and 7476?
12
Calculate the greatest common divisor of 1660 and 60.
20
What is the greatest common factor of 543 and 9412?
181
Calculate the highest common factor of 11 and 803.
11
What is the highest common factor of 203 and 7?
7
Calculate the highest common divisor of 413 and 7.
7
Calculate the greatest common divisor of 18 and 486.
18
Calculate the highest common divisor of 35 and 630.
35
Calculate the highest common factor of 630 and 540.
90
Calculate the highest common factor of 2418 and 93.
93
Calculate the highest common factor of 9263 and 59.
59
Calculate the highest common divisor of 55664 and 112.
112
What is the greatest common divisor of 5 and 9?
1
Calculate the highest common divisor of 301 and 14.
7
Calculate the greatest common factor of 57 and 3.
3
Calculate the greatest common factor of 657 and 81.
9
Calculate the highest common factor of 1664 and 520.
104
Calculate the highest common factor of 132 and 516.
12
What is the greatest common divisor of 420 and 1160?
20
Calculate the highest common divisor of 152 and 19.
19
Calculate the greatest common divisor of 11775 and 157.
157
What is the greatest common divisor of 2378 and 82?
82
Calculate the greatest common divisor of 112 and 140.
28
Calculate the highest common factor of 55 and 95.
5
Calculate the highest common factor of 352 and 902.
22
Calculate the highest common factor of 1683 and 693.
99
What is the highest common divisor of 302 and 2?
2
Calculate the highest common factor of 1155 and 240.
15
What is the greatest common factor of 1860 and 20?
20
What is the highest common factor of 16 and 57?
1
Calculate the greatest common divisor of 663 and 689.
13
Calculate the highest common divisor of 368 and 92.
92
Calculate the greatest common divisor of 30 and 78.
6
Calculate the greatest common divisor of 195 and 117.
39
What is the highest common divisor of 39 and 975?
39
Calculate the greatest common factor of 78 and 273.
39
Calculate the highest common factor of 32 and 432.
16
Calculate the highest common factor of 48 and 24.
24
What is the greatest common divisor of 763 and 218?
109
Calculate the highest common divisor of 50934 and 78.
78
Calculate the greatest common factor of 230 and 23.
23
What is the highest common factor of 645 and 15?
15
What is the highest common divisor of 7 and 4375?
7
Calculate the greatest common factor of 12 and 76.
4
Calculate the highest common divisor of 348 and 108.
12
Calculate the highest common divisor of 45 and 1110.
15
Calculate the greatest common divisor of 781 and 44.
11
Calculate the highest common divisor of 11501 and 53.
53
What is the highest common divisor of 560 and 35?
35
Calculate the highest common divisor of 42 and 1239.
21
Calculate the highest common factor of 2075 and 25.
25
What is the highest common factor of 1836 and 60?
12
What is the greatest common factor of 1653 and 38?
19
Calculate the highest common divisor of 182 and 949.
13
What is the highest common divisor of 69 and 11937?
69
Calculate the greatest common factor of 969 and 2109.
57
What is the greatest common factor of 92 and 230?
46
What is the greatest common divisor of 15 and 20?
5
What is the greatest common divisor of 8 and 982?
2
What is the greatest common divisor of 78 and 1898?
26
What is the highest common divisor of 8 and 6